{"id":3,"date":"2024-10-03T09:54:07","date_gmt":"2024-10-03T07:54:07","guid":{"rendered":"http:\/\/172.23.1.105:8080\/?page_id=3"},"modified":"2024-10-04T09:50:53","modified_gmt":"2024-10-04T07:50:53","slug":"politique-de-confidentialite","status":"publish","type":"page","link":"https:\/\/atool-dev.fr\/?page_id=3","title":{"rendered":"Mentions l\u00e9gales"},"content":{"rendered":"\n<hr class=\"wp-block-separator has-alpha-channel-opacity\"\/>\n\n\n\n<h2 class=\"wp-block-heading\">Coordonn\u00e9es<\/h2>\n\n\n\n<p><strong>Atool D\u00e9veloppement<\/strong><br>S.A.S. au capital de 10 000 \u20ac<br>11 Rue du chemin rouge \u2013 B\u00e2timent A<br>44300 NANTES<br>FRANCE<br>NAF : 5829C<br>RCS : 790 703 177 Nantes<br>SIRET : 790 703 177 00044<br>TVA Intracommunautaire : FR 54 790 703 177<br>T\u00e9l\u00e9phone : (+33) 2 85 52 67 01<\/p>\n\n\n\n<p><\/p>\n\n\n\n<hr class=\"wp-block-separator has-alpha-channel-opacity\"\/>\n\n\n\n<h2 class=\"wp-block-heading\"><strong>Site<\/strong><\/h2>\n\n\n\n<p><a href=\"http:\/\/www.atool-dev.fr\/\">https:\/\/atool-dev.fr\/<\/a><\/p>\n\n\n\n<hr class=\"wp-block-separator has-alpha-channel-opacity\"\/>\n\n\n\n<h2 class=\"wp-block-heading\"><strong>E-mail<\/strong><\/h2>\n\n\n\n<p><a href=\"mailto:info@atool-dev.fr\">info@atool-dev.fr<\/a><\/p>\n\n\n\n<hr class=\"wp-block-separator has-alpha-channel-opacity\"\/>\n\n\n\n<h2 class=\"wp-block-heading\"><strong>Directeur de la publication<\/strong><\/h2>\n\n\n\n<p>Philippe Caradec<\/p>\n\n\n\n<hr class=\"wp-block-separator has-alpha-channel-opacity\"\/>\n\n\n\n<h3 class=\"wp-block-heading\"><strong>Cr\u00e9dits<\/strong><\/h3>\n\n\n\n<p><br>Cr\u00e9ation site internet :&nbsp;<a href=\"http:\/\/atool-dev.fr\/\">Atool D\u00e9veloppement<\/a><\/p>\n\n\n\n<p><strong>Reproduction du contenu du site :<\/strong><br>Toute reproduction ou repr\u00e9sentation totale ou partielle de ce site par quelque proc\u00e9d\u00e9 que ce soit, sans l\u2019autorisation de Atool D\u00e9veloppement, est interdite et constituerait une contrefa\u00e7on sanctionn\u00e9e par les articles L.335-2 et suivants du Code de la propri\u00e9t\u00e9 intellectuelle.<\/p>\n\n\n\n<p><strong>Utilisation des donn\u00e9es :<\/strong><br>Conform\u00e9ment \u00e0 la Loi Informatique et Libert\u00e9s du 6\/01\/78, art. 27, vous disposez d\u2019un droit d\u2019acc\u00e8s et de rectification des informations nominatives vous concernant.<br>Atool D\u00e9veloppement ne collecte pas d\u2019information susceptible d\u2019\u00eatre revendu \u00e0 des tiers.<br>Le droit d\u2019acc\u00e8s \u00e0 vos donn\u00e9es personnelles est \u00e0 exercer \u00e0 l\u2019adresse suivante :<br>Atool D\u00e9veloppement, 11 Rue du chemin rouge \u2013 B\u00e2timent A, 44300 NANTES.<\/p>\n","protected":false},"excerpt":{"rendered":"<p>Coordonn\u00e9es Atool D\u00e9veloppementS.A.S. au capital de 10 000 \u20ac11 Rue du chemin rouge \u2013 B\u00e2timent A44300 NANTESFRANCENAF : 5829CRCS : 790 703 177 NantesSIRET : 790 703 177 00044TVA Intracommunautaire : FR 54 790 703 177T\u00e9l\u00e9phone : (+33) 2 85 52 67 01 Site https:\/\/atool-dev.fr\/ E-mail info@atool-dev.fr Directeur de la publication Philippe Caradec Cr\u00e9dits Cr\u00e9ation [&hellip;]<\/p>\n","protected":false},"author":1,"featured_media":0,"parent":0,"menu_order":0,"comment_status":"closed","ping_status":"open","template":"","meta":{"footnotes":""},"class_list":["post-3","page","type-page","status-publish","hentry"],"_links":{"self":[{"href":"https:\/\/atool-dev.fr\/index.php?rest_route=\/wp\/v2\/pages\/3","targetHints":{"allow":["GET"]}}],"collection":[{"href":"https:\/\/atool-dev.fr\/index.php?rest_route=\/wp\/v2\/pages"}],"about":[{"href":"https:\/\/atool-dev.fr\/index.php?rest_route=\/wp\/v2\/types\/page"}],"author":[{"embeddable":true,"href":"https:\/\/atool-dev.fr\/index.php?rest_route=\/wp\/v2\/users\/1"}],"replies":[{"embeddable":true,"href":"https:\/\/atool-dev.fr\/index.php?rest_route=%2Fwp%2Fv2%2Fcomments&post=3"}],"version-history":[{"count":4,"href":"https:\/\/atool-dev.fr\/index.php?rest_route=\/wp\/v2\/pages\/3\/revisions"}],"predecessor-version":[{"id":63,"href":"https:\/\/atool-dev.fr\/index.php?rest_route=\/wp\/v2\/pages\/3\/revisions\/63"}],"wp:attachment":[{"href":"https:\/\/atool-dev.fr\/index.php?rest_route=%2Fwp%2Fv2%2Fmedia&parent=3"}],"curies":[{"name":"wp","href":"https:\/\/api.w.org\/{rel}","templated":true}]}}